7
Suppose 0 = -2*t + 47 - 17. Let v = 2606 + -2580. What is the remainder when v is divided by t?
11
Suppose -3*u + 219 = 5*f - 0*u, -3*f + 4*u + 114 = 0. Calculate the remainder when 46 is divided by f.
4
Suppose 0 = -202*r + 209*r - 1225. Calculate the remainder when r is divided by 15.
10
Let q(x) = 64*x - 15. Calculate the remainder when q(5) is divided by 31.
26
Let p = 479 + -160. Calculate the remainder when p is divided by 38.
15
Suppose -x - 3*r = -5*x + 371, -x + r + 93 = 0. Let q = x + -59. Calculate the remainder when 65 is divided by q.
32
Suppose -y + 4 + 9 = 4*s, 3*y - 12 = -3*s. Let r(j) = 39*j - 3. Calculate the remainder when r(s) is divided by 29.
27
Calculate the remainder when (((-6)/(-4))/3)/(12/1920) is divided by 21.
17
Suppose -y + 0*w + 122 = -5*w, 3*y - 338 = w. What is the remainder when y is divided by 29?
25
Suppose 166 = 6*i - 62. Suppose 0 = -0*p - 3*p + 4*r + 38, -p + i = 5*r. What is the remainder when 88 is divided by p?
16
Suppose 0 = 3*f - 2*u - 3*u - 399, 2*f = -4*u + 288. Calculate the remainder when f is divided by 50.
38
Suppose -o - 18 = -4*o. Let f(k) = k**3 + 8*k**2 + 6*k - 4. Let y be f(-7). Calculate the remainder when -6 + y + 19 - 1 is divided by o.
3
Suppose 0 = t + 8 - 12. Calculate the remainder when -2 - 178/(-8) - 1/t is divided by 8.
4
Suppose -11 = i - 2*b + 4*b, 2*i + 5*b = -26. Let v be (-2)/i - (-4)/(-6). What is the remainder when 35 is divided by (v + (0 - 19))/(-1)?
16
Suppose 118*f - 8 = 114*f. Suppose -3*j + 5*l = j - 133, -125 = -5*j - f*l. What is the remainder when j is divided by 7?
6
Suppose 3*h = -h + 12, 0 = -2*c - 3*h + 25. What is the remainder when 5 is divided by (7/(-1) - -3) + c?
1
Let s = -754 - -802. What is the remainder when 335 is divided by s?
47
Suppose -4*v = -5*n + 123, -n - 2*n + 4*v = -77. Let t = 735 + -696. Calculate the remainder when t is divided by n.
16
Let m(i) be the second derivative of i**4/6 + 4*i**3/3 - 9*i**2/2 + 12*i. What is the remainder when m(3) is divided by 12?
9
Suppose 6 = 2*p, -5*p + 920 = 58*t - 53*t. Let c(k) = 8*k - 1. What is the remainder when t is divided by c(3)?
20
Let r = 1291 - 1274. What is the remainder when r is divided by 4?
1
Suppose -4*z + 221 = -5*s, 0 = 3*z - 6*z + s + 174. What is the remainder when z is divided by 9?
5
Let r(g) = 2*g**2 - 7*g - 3. Let m be (-51)/(-6)*-1*-2. Suppose 47 = 5*o + m. Calculate the remainder when r(o) is divided by 15.
12
Suppose 0*r + 2*s = 5*r, 3*r + 31 = -5*s. Let u = 16 + r. What is the remainder when (218/(-10))/(4/(-20)) is divided by u?
11
What is the remainder when ((-1)/(-3))/((-1)/(-297)) is divided by 25?
24
Let i(n) = -2*n - 6*n + n**3 + 5 + 1 - 3*n**2. Let b(s) = -s**2 - 9*s + 57. Let a be b(4). What is the remainder when i(a) is divided by 6?
4
Let p(i) = -i**3 - 4*i**2 + 5*i + 1. Let w(q) = -q**3 - q**2. Let u be w(-2). What is the remainder when 3/(-1 + (u - 2)) is divided by p(-5)?
0
Suppose v + 2*h = 306, 6*h = 3*h - 12. What is the remainder when v is divided by 35?
34
Let c = 29 - 47. Let b = 37 + c. Let m = 21 - 14. Calculate the remainder when b is divided by m.
5
Suppose 0*y = 7*y - 203. Calculate the remainder when 115 is divided by y.
28
Let c = 216 + -130. Calculate the remainder when c is divided by 35/(6/6) + -12.
17
Suppose 0 = -55*k + 8*k + 3290. Calculate the remainder when k is divided by 24.
22
Let l = 692 + -674. What is the remainder when 843 is divided by l?
15
Let m(w) = -26*w**2 - 99*w. Suppose 1 = 2*j - 5. Suppose -j*p + 49 = 4*l, 6*p - 1 = -l + 3*p. Calculate the remainder when m(-3) is divided by l.
15
Let h = -13 + 13. Suppose h = 4*b - a - 59, 5*b + 3*a = -44 + 105. Suppose 37 = 3*j - b. What is the remainder when j is divided by 6?
5
Let u be 19 + 3 + -2 + 1. Let d be ((-14)/u)/(2/9). Calculate the remainder when d*((-17)/3 - 3) is divided by 7.
5
Let v = -623 + 691. What is the remainder when 75 is divided by v?
7
Let f = -1 + 4. Suppose 0 = 3*k - 2*r - 357, 0 = f*k - 4*k + 5*r + 106. Calculate the remainder when k is divided by 31.
28
Let a = 200 - 182. Calculate the remainder when 69 is divided by a.
15
Let r(l) = l + 3. Suppose 0 = 3*q - 25 - 11. What is the remainder when 59 is divided by r(q)?
14
Let p be 5 + 4/(-2) + -10. Calculate the remainder when ((-4)/2)/((-4)/10) is divided by (-3)/(-1) + (-7 - p).
2
Let j(a) = a**2 - 9*a + 3. Let z be j(10). Suppose -2*y + z = -d, -3*y = -0*y - 3*d - 18. What is the remainder when 39 is divided by y?
4
Let n = 7 - -5. Let g = -202 - -292. What is the remainder when 39 is divided by 8/n*g/4?
9
Let q(i) = -i**3 + 4*i**2 + i. Let c be q(4). Suppose -2*a + o + 38 = -65, -47 = -a - c*o. What is the remainder when a is divided by 13?
12
Suppose h + 2*o + 4 = -4, 4*o = -16. Let n = h - -5. What is the remainder when 56/(-560) - (-181)/10 is divided by n?
3
Suppose -x + 5*v = 0, -3*x + 15 = x - 5*v. What is the remainder when 129 is divided by x?
4
Let v = -6 - -52. Calculate the remainder when v is divided by -9*(1 - (-20)/(-12)).
4
Let p(j) = j**2 - j - 1. Let f(t) = 2*t - 3*t + 10*t + 6 + t - t**2. Let u(y) = -f(y) - 2*p(y). What is the remainder when 13 is divided by u(-6)?
5
What is the remainder when 4/(-4)*(35 + -1)/(-1) is divided by 16?
2
Let c be (-4)/(-8) + (-94)/(-4). Suppose 4*i + c = 8*i. What is the remainder when 22 is divided by i?
4
What is the remainder when 170 is divided by (-131)/(-5) - 9/45?
14
Suppose 5*g = -5, o + 6 = 5*g + 21. Let q be 1/(-2)*-18*3. Let w = 55 - q. Calculate the remainder when w is divided by o.
8
Calculate the remainder when 0 + 2/5 + 3549/15 is divided by 30.
27
Let g(o) = o**2 - o - 5. Let i be g(8). Let j = i - -4. What is the remainder when j is divided by 14?
13
Suppose 2519 = 103*r + 253. What is the remainder when 38 is divided by r?
16
Suppose 2*p = -3*h + 547, 18*p = 4*h + 15*p - 718. Calculate the remainder when h is divided by 92.
89
Let z = 19 + -8. Calculate the remainder when -1*(-1 + 0)*z is divided by 3.
2
Suppose -52 = -2*i + 80. Suppose 2*s + 4*y + 170 - 216 = 0, -5*s + 115 = 4*y. What is the remainder when i is divided by s?
20
Calculate the remainder when (-2612)/(-20) - (-30)/75 is divided by 68.
63
Suppose 65 = f + 7*c - 9*c, -179 = -3*f - 2*c. What is the remainder when f is divided by 16?
13
Let w = 1910 - 1832. What is the remainder when w is divided by 76?
2
Let r(u) = -u**2 - 30*u - 45. Calculate the remainder when 61 is divided by r(-28).
6
Suppose -3*s = -3*h + 69, 2*h - 113 = -3*h + 3*s. Let o = h - 20. Suppose -12 = -m + 3*u - 6*u, -5*u = o*m - 23. What is the remainder when 16 is divided by m?
7
Let g be (3 - 2)/(1/4). Calculate the remainder when 1/((-8)/6)*(-1764)/9 is divided by g/(-14) + (-848)/(-28).
27
Suppose 4*t - 17 = -3*u, 5*t - 5*u - 2 + 7 = 0. Let r be (t/7)/((-8)/(-56)). Calculate the remainder when 32 is divided by r/(2/11 - 0).
10
Suppose -16*n + 130 = -46. Suppose -2*k + 112 = -102. What is the remainder when k is divided by n?
8
Suppose 10 = -3*y + 28. Suppose -t + 2*m + 19 = -y, 2*m = 10. What is the remainder when t is divided by (-1820)/(-100) - (-1)/(-5)?
17
Let q = -51 + 71. Suppose 5*l - 8 = -i, 5*i + 5 = 2*l - 9. Suppose y - 5*y - t = -318, 5*t - 168 = -l*y. Calculate the remainder when y is divided by q.
19
Let b = 643 + -536. What is the remainder when b is divided by 18?
17
Let j = 36 + -38. What is the remainder when ((-2)/4)/(j/52) is divided by 6?
1
What is the remainder when 298 is divided by (-1 - -26)/(11/(-154)*-14)?
23
Let a(s) = 7*s - 2. Suppose 5*m - 2*u = 241, 2*m - 4*u - 36 = 54. Calculate the remainder when m is divided by a(4).
23
Suppose 714 = -48*y + 55*y. Calculate the remainder when y is divided by 13.
11
Suppose -2*u = -7*u + 95. Suppose 385 = 13*p + 22*p. What is the remainder when u is divided by p?
8
Let s = -1 - -7. Suppose -4*u = -t + 2, 55 = s*t - t - 5*u. Suppose 0 = 2*n - 5*p - 41, -5*n + 2*p = -8 - 42. What is the remainder when t is divided by n?
6
Let n be 2 - -2 - (-1 + -61). Let x = n - 45. Calculate the remainder when 124 is divided by x.
19
Suppose -7*l + 515 = -143. Let h = l + -86. Calculate the remainder when (1 - 2) + 16 + -2 is divided by h.
5
Suppose 3*c - 150 = -27. Calculate the remainder when 68 is divided by c.
27
Let z(w) = -3*w**2 - 25*w - 6. Let v be z(-